ctors of a.
2, 5, 13
Let m = -39 + 41. Suppose 3*i = m*x - 57, 0*i = 5*x + 3*i - 195. What are the prime factors of x?
2, 3
Let j be 1/1*(-2 - -8). Let s = j + 6. What are the prime factors of 15/(-2)*(-16)/s?
2, 5
Suppose 11942 = 62*v - 55*v. List the prime factors of v.
2, 853
Let k = 26 + -33. Let f = 37 - k. List the prime factors of f.
2, 11
What are the prime factors of (118/6)/((-11)/693*-3)?
7, 59
Suppose 4*r - 5*r = 5*g - 17, 4*g = 4*r + 28. Suppose g*x + 5*v - 35 = 0, -5*v = -x + 2*x - 20. What are the prime factors of (6/(-2) - -4) + x?
2, 3
Let g be 3*-2*(-1)/6. Let b(y) = 49*y - 1. List the prime factors of b(g).
2, 3
Let t(y) = -2*y**3 + y**2 + y - 1. Let a be t(2). Let p = 20 + a. Suppose 5*n - 4*m = -0*n + 35, -p = n - 4*m. List the prime factors of n.
11
Let g = -35 - -50. Let i(v) = v**3 - 14*v**2 - 15*v + 22. List the prime factors of i(g).
2, 11
Let v(u) = 3*u + 1. Let l be v(9). Suppose 3*i = -5*p + l, 2*i - 5 - 12 = -3*p. Let k = i - -33. List the prime factors of k.
2, 17
Suppose -4*x + 158 = y, 4*x - y + 3*y - 156 = 0. Let k = x + -34. List the prime factors of k.
2, 3
Let l(g) = g**2 + 15. Let s be l(7). What are the prime factors of 2/(-3)*-3 + (s - 11)?
5, 11
Suppose -1 = -o + 3. Let z(y) = -y + 7. Let w be z(o). Suppose 4*s - 116 = 4*u, -w*s + 0*u + 83 = u. List the prime factors of s.
2, 7
Let k(n) = -6*n - 24. List the prime factors of k(-5).
2, 3
Let t(d) = d**2 + d + 42. Suppose 0 = -4*v + 2*j - 80, 3*v - 4*j = -2*v - 94. Let u = 22 + v. List the prime factors of t(u).
2, 3, 7
What are the prime factors of 2760 + -9 + -1 - 8?
2, 3, 457
Suppose -2200 = -5*q - 3*q. List the prime factors of q.
5, 11
Let v(i) = -5*i - 7. Let k be v(-4). Let b = k - 8. Suppose -48 = -3*g - 5*r + 2*r, -r - 86 = -b*g. What are the prime factors of g?
17
Let p(x) = -242*x + 7. What are the prime factors of p(-4)?
3, 5, 13
Let l(o) = 3*o**3 - 2*o**2 + 2*o - 1. Let w be l(1). Suppose 5*g - 342 = w*g. List the prime factors of g.
2, 3, 19
Let o = 3509 + -1926. What are the prime factors of o?
1583
Let c be (-31)/(-5) - 1/5. Let z be (49 + -41)*(8 - (-1 + 1)). Suppose -328 + z = -c*l. List the prime factors of l.
2, 11
Suppose 4*v - 3*t - 23 = -4*t, -2*v + t = -13. Suppose -2*l - 240 = -v*l. What are the prime factors of l?
2, 3, 5
Let c = 2772 - 1394. List the prime factors of c.
2, 13, 53
Suppose 4*f - 11 = 21. Let n(j) = 2 + 1 + j**2 + 6*j + f - 4. What are the prime factors of n(-5)?
2
Let n(c) = -1 + 3*c - 9*c + 4*c**2 - 243*c**3 + 244*c**3. Let j(r) = -r**3 - 5*r**2 - 4. Let f be j(-5). What are the prime factors of n(f)?
23
Suppose -12*a + 14*a = -2*m + 1056, -a + 540 = 4*m. List the prime factors of a.
2, 131
Suppose 15*j - 18 = 13*j. Suppose 3*m - j*m = -294. List the prime factors of m.
7
Let y = -341 - -673. List the prime factors of y.
2, 83
Let x(v) = v**2 - 2*v - 12. Suppose 5*r + s = 31, -5*r - 6*s + 2*s + 34 = 0. What are the prime factors of x(r)?
2, 3
Suppose -n - 2*s + 17 = -3*s, -5*n = -2*s - 79. Let y = 15 - n. Suppose y = -3*f - 9, -2*b = -3*b + f + 10. List the prime factors of b.
7
Suppose 2*a + 3 - 7 = 0. Suppose a*q - 3*i - 109 = 0, 255 = -5*q + 10*q - 4*i. What are the prime factors of q?
47
Suppose 5*h = 5*r, 2*r = -h + 2*h + 3. Suppose 0*u + 84 = 2*c - 3*u, c + r*u = 51. Let a = c + -5. What are the prime factors of a?
2, 5
Suppose -1285 = -4*p - x, 3*x = p + x - 310. Suppose -8*m = -4*m - p. List the prime factors of m.
2, 5
Let x(b) = 14*b**3 + b**2 - 3*b + 3. Let g be x(2). Let w = g - 191. List the prime factors of w/15*(-6 + 1).
2, 13
Suppose 0 = -5*m - 10, m + 136 = 3*z - 112. Suppose -7*x + 149 = -z. Suppose 2*u + 2*o - 130 = 0, -x + 344 = 5*u - 2*o. What are the prime factors of u?
3, 7
Let s be (2 + -2)*-1 - -7. Let f(h) = 2*h - 8 - 5 + 7. List the prime factors of f(s).
2
Let b(d) = -7*d - 28. Let o be b(-12). What are the prime factors of o*2/((-12)/(-3))?
2, 7
Suppose -5*g = 4*o - 7, 5*g - 2*o = 2 - 13. Let s be 2 - (g - (4 + -5)). Suppose -3*x - 5 = -5*x - d, 0 = s*x - 4*d - 10. List the prime factors of x.
3
Let a(k) = 2*k**2 - 11*k - 6. Suppose -i + 45 = 5*b, -5*b + 65 = 2*i + 3*i. List the prime factors of a(b).
2, 17
Let k be -14*(-15)/50*5. Let x = 1 + -1. Suppose x = -5*o - k + 71. What are the prime factors of o?
2, 5
Suppose 4*m = 4*c - 9282 + 1394, -3*m = -5*c + 9870. What are the prime factors of c?
3, 659
Let l(n) be the second derivative of 103*n**3/6 - 25*n**2 - 2*n + 31. What are the prime factors of l(3)?
7, 37
Suppose -3*d + 5*d = 0. Suppose -l = 2*a - 30, d = -a - 2*a. Suppose 2*r = -3*b + 22 - 2, -l = -4*b - 2*r. List the prime factors of b.
2, 5
Let x = 124 - 127. What are the prime factors of (-3 - 0 - -39) + x?
3, 11
Let c(x) = -x**2 - 9*x - 5. Let f be c(-8). Suppose -5*s = q - 46, 5*q - f*s - 70 - 48 = 0. What are the prime factors of q?
2, 13
Let c be (3/(-6) - 0)*0. Suppose c*r = -4*r + 428. List the prime factors of r.
107
Suppose -h - d + 4 = 0, d - 4 = -3*h + 2*d. Suppose -2*q = h*q. Suppose 0 = 2*i + 5*o - 60, q*o + 4*o - 56 = -2*i. List the prime factors of i.
2, 5
Let f = -536 + 771. What are the prime factors of f?
5, 47
Let l = -5 + 43. Let r = 111 - l. What are the prime factors of r?
73
Suppose -9 = -2*t - 5*y, 0 = y - 1 - 0. Suppose 0*h + 82 = t*h. What are the prime factors of h?
41
Let q = -1 - 98. Let d = q - -167. What are the prime factors of d?
2, 17
What are the prime factors of (-19852500)/(-6150) - (-2)/(-41)?
2, 3, 269
Suppose 0 = v + 2*b - 204 - 51, v + 5*b - 258 = 0. What are the prime factors of v?
11, 23
Let j = 25 + -25. Suppose j = -3*o + 6, 0 = -0*p + 4*p + 4*o + 4. List the prime factors of (p + 25)/(3/6).
2, 11
Let m(r) = r**3 + 22*r**2 + 29*r + 2. What are the prime factors of m(-20)?
2, 3, 37
Let j be (2 + 0)/(-2)*-1. What are the prime factors of ((-110)/4 - j)/((-9)/12)?
2, 19
Let s(a) = a**3 + 3*a**2 - 4*a - 1. Let w be s(-4). Let h be w + 36 + 3 - -1. Let b = -15 + h. List the prime factors of b.
2, 3
Let f(l) = 11*l - 28. Let z be f(8). Suppose -8*j + z = -124. What are the prime factors of j?
23
Suppose -22954 = -15*f + 896. List the prime factors of f.
2, 3, 5, 53
Let a(z) = 9*z**3 + 7*z**2 + 5*z - 52. List the prime factors of a(4).
2, 41
Let l be (-208)/(-6) - (-2)/6. Suppose 0 = 4*q - 65 - l. Suppose h = 3*j - 0*h - 16, -5*j + q = -2*h. What are the prime factors of j?
7
Suppose -24*a = -13618 - 662. What are the prime factors of a?
5, 7, 17
Suppose 0 = 11*w - 3*w - 112. List the prime factors of (-4)/((-84)/309) + w/49.
3, 5
Let g(z) = -2*z**2 + 1. Let l be g(-1). Let x = 4 - l. Suppose 0 = u - 16 - x. List the prime factors of u.
3, 7
Suppose z + 3*o = 0, -4*z - o - 2 + 13 = 0. Suppose -1093 = -5*k - 2*c, -k + z*c + 1098 = 4*k. What are the prime factors of k?
3, 73
Let u(k) = 5*k**2 + 104*k - 61. What are the prime factors of u(-29)?
2, 3, 47
Suppose -3*f + 5*y + 120 = 2*f, 2*f + 5*y - 48 = 0. Suppose -4*r + 2*d - 5*d = -73, -2*r + f = 4*d. List the prime factors of r.
2, 11
Suppose 27 = 15*u - 14*u. Let j = u - 13. List the prime factors of j.
2, 7
Let d(v) = v - 11. Let g be d(7). Let m = 13 - g. List the prime factors of m.
17
Suppose 8*m - 184 = 496. Let f(r) = -r**3 - 7*r**2 + 8*r + 5. Let c be f(-8). Suppose c*j - m - 90 = 0. What are the prime factors of j?
5, 7
Suppose 1693 + 1865 = 3*o. What are the prime factors of o?
2, 593
Suppose 70*q - 75*q = -980. List the prime factors of q.
2, 7
Let r(n) be the first derivative of n**4/4 + 7*n**3/3 - 9*n**2/2 - 4*n + 33. What are the prime factors of r(-7)?
59
Let t(k) = k**3 + 7*k**2 - 9*k - 20. Let p be t(-8). List the prime factors of 8 + (18/p - (-1)/(-2)).
2, 3
Let w be (12/8 - 1)*2*2. What are the prime factors of ((-564)/8)/(w/(-4))?
3, 47
Suppose -2 - 16 = -k. Suppose -t - 4*c + k = 0, 0*c + 14 = -3*t + 5*c. List the prime factors of t/(-1*(-2)/22).
2, 11
Let f be 1 - -6*(-1)/2. Suppose -22 = -5*u - 62. What are the prime factors of u/(-3)*(-3)/f?
2
Suppose 3*g = 5*x + 121, -22 = x - 5*g + 11. Let r = -4 + x. Let m = r + 76. What are the prime factors of m?
7
Let j(p) = -7*p**3 + p**2 - 2*p - 2. Let l(y) = y**2 + 14*y - 16. Let s be l(-15). List the prime factors of j(s).
2
What are the prime factors of (-9 - 187/(-22))*-2742?
3, 457
Let w be 1206/(-8) - 48/(-64). Le